-- https://www.phpmyadmin.net/
--

START TRANSACTION;



-- --------------------------------------------------------

--
-- Table structure for table `donations`
--

CREATE TABLE `donations` (
  `id` bigint UNSIGNED NOT NULL,
  `donor_id` bigint UNSIGNED NOT NULL,
  `donation_date` date NOT NULL,
  `notes` text COLLATE utf8mb4_unicode_ci,
  `created_by` bigint UNSIGNED DEFAULT NULL,
  `created_at` timestamp NULL DEFAULT NULL,
  `updated_at` timestamp NULL DEFAULT NULL
) ENGINE=InnoDB DEFAULT CHARSET=utf8mb4 COLLATE=utf8mb4_unicode_ci;

--
-- Dumping data for table `donations`
--

INSERT INTO `donations` (`id`, `donor_id`, `donation_date`, `notes`, `created_by`, `created_at`, `updated_at`) VALUES
(1, 1, '2026-04-03', NULL, 1, '2026-04-03 12:18:48', '2026-04-03 12:18:48');

-- --------------------------------------------------------

--
-- Table structure for table `donors`
--

CREATE TABLE `donors` (
  `id` bigint UNSIGNED NOT NULL,
  `name` varchar(120) COLLATE utf8mb4_unicode_ci NOT NULL,
  `address` varchar(255) COLLATE utf8mb4_unicode_ci NOT NULL,
  `phone` varchar(20) COLLATE utf8mb4_unicode_ci NOT NULL,
  `gender` enum('male','female') COLLATE utf8mb4_unicode_ci NOT NULL,
  `age` tinyint UNSIGNED NOT NULL,
  `blood_group` varchar(3) COLLATE utf8mb4_unicode_ci NOT NULL,
  `profile_image` varchar(255) COLLATE utf8mb4_unicode_ci DEFAULT NULL,
  `is_active` tinyint(1) NOT NULL DEFAULT '1',
  `created_by` bigint UNSIGNED DEFAULT NULL,
  `created_at` timestamp NULL DEFAULT NULL,
  `updated_at` timestamp NULL DEFAULT NULL
) ENGINE=InnoDB DEFAULT CHARSET=utf8mb4 COLLATE=utf8mb4_unicode_ci;

--
-- Dumping data for table `donors`
--

INSERT INTO `donors` (`id`, `name`, `address`, `phone`, `gender`, `age`, `blood_group`, `profile_image`, `is_active`, `created_by`, `created_at`, `updated_at`) VALUES
(1, 'Sojol Rabby', 'Christian Mission Hospital Rajshahi', '01626597731', 'male', 28, 'B+', 'donors/9E0OHoWYUfZYDzg7YklJcctunMUdz9SDOYOUHJm4.png', 1, 1, '2026-04-03 12:02:27', '2026-04-03 12:41:08');

-- --------------------------------------------------------

--
-- Table structure for table `failed_jobs`
--

CREATE TABLE `failed_jobs` (
  `id` bigint UNSIGNED NOT NULL,
  `uuid` varchar(255) CHARACTER SET utf8mb4 COLLATE utf8mb4_unicode_ci NOT NULL,
  `connection` text CHARACTER SET utf8mb4 COLLATE utf8mb4_unicode_ci NOT NULL,
  `queue` text CHARACTER SET utf8mb4 COLLATE utf8mb4_unicode_ci NOT NULL,
  `payload` longtext CHARACTER SET utf8mb4 COLLATE utf8mb4_unicode_ci NOT NULL,
  `exception` longtext CHARACTER SET utf8mb4 COLLATE utf8mb4_unicode_ci NOT NULL,
  `failed_at` timestamp NOT NULL DEFAULT CURRENT_TIMESTAMP
) ENGINE=InnoDB DEFAULT CHARSET=utf8mb4 COLLATE=utf8mb4_unicode_ci;

-- --------------------------------------------------------

--
-- Table structure for table `invitation_referrals`
--

CREATE TABLE `invitation_referrals` (
  `id` bigint UNSIGNED NOT NULL,
  `invitation_link_id` bigint UNSIGNED NOT NULL,
  `referred_user_id` bigint UNSIGNED NOT NULL,
  `created_at` timestamp NULL DEFAULT NULL,
  `updated_at` timestamp NULL DEFAULT NULL
) ENGINE=InnoDB DEFAULT CHARSET=utf8mb4 COLLATE=utf8mb4_unicode_ci;

-- --------------------------------------------------------

--
-- Table structure for table `jobs`
--

CREATE TABLE `jobs` (
  `id` bigint UNSIGNED NOT NULL,
  `queue` varchar(255) CHARACTER SET utf8mb4 COLLATE utf8mb4_unicode_ci NOT NULL,
  `payload` longtext CHARACTER SET utf8mb4 COLLATE utf8mb4_unicode_ci NOT NULL,
  `attempts` tinyint UNSIGNED NOT NULL,
  `reserved_at` int UNSIGNED DEFAULT NULL,
  `available_at` int UNSIGNED NOT NULL,
  `created_at` int UNSIGNED NOT NULL
) ENGINE=InnoDB DEFAULT CHARSET=utf8mb4 COLLATE=utf8mb4_unicode_ci;

-- --------------------------------------------------------

--
-- Table structure for table `job_batches`
--

CREATE TABLE `job_batches` (
  `id` varchar(255) CHARACTER SET utf8mb4 COLLATE utf8mb4_unicode_ci NOT NULL,
  `name` varchar(255) CHARACTER SET utf8mb4 COLLATE utf8mb4_unicode_ci NOT NULL,
  `total_jobs` int NOT NULL,
  `pending_jobs` int NOT NULL,
  `failed_jobs` int NOT NULL,
  `failed_job_ids` longtext CHARACTER SET utf8mb4 COLLATE utf8mb4_unicode_ci NOT NULL,
  `options` mediumtext CHARACTER SET utf8mb4 COLLATE utf8mb4_unicode_ci,
  `cancelled_at` int DEFAULT NULL,
  `created_at` int NOT NULL,
  `finished_at` int DEFAULT NULL
) ENGINE=InnoDB DEFAULT CHARSET=utf8mb4 COLLATE=utf8mb4_unicode_ci;

-- --------------------------------------------------------

--
-- Table structure for table `migrations`
--

CREATE TABLE `migrations` (
  `id` int UNSIGNED NOT NULL,
  `migration` varchar(255) CHARACTER SET utf8mb4 COLLATE utf8mb4_unicode_ci NOT NULL,
  `batch` int NOT NULL
) ENGINE=InnoDB DEFAULT CHARSET=utf8mb4 COLLATE=utf8mb4_unicode_ci;

--
-- Dumping data for table `migrations`
--

INSERT INTO `migrations` (`id`, `migration`, `batch`) VALUES
(1, '0001_01_01_000000_create_users_table', 1),
(2, '0001_01_01_000001_create_cache_table', 1),
(3, '0001_01_01_000002_create_jobs_table', 1),
(4, '2022_05_17_181447_create_roles_table', 2),
(5, '2022_05_17_181456_create_user_roles_table', 2),
(6, '2024_01_01_000000_create_social_accounts_table', 2),
(7, '2024_01_01_000001_add_two_factor_columns_to_users_table', 2),
(8, '2024_01_01_000002_create_invitation_system_tables', 2),
(9, '2025_01_01_000001_create_privileges_table', 2),
(10, '2025_01_01_000002_create_privilege_role_table', 2),
(11, '2025_01_01_000003_add_suspension_columns_to_users_table', 2),
(12, '2025_02_08_000000_add_profile_photo_to_users_table', 2),
(13, '2026_02_15_000000_create_tyro_audit_logs_table', 2),
(14, '2026_04_03_163642_create_personal_access_tokens_table', 2),
(15, '2026_04_03_170000_create_donors_table', 3),
(16, '2026_04_03_170100_create_donations_table', 3),
(17, '2026_04_03_183029_add_is_active_to_donors_table', 4);

-- --------------------------------------------------------

--
-- Table structure for table `privileges`
--

CREATE TABLE `privileges` (
  `id` bigint UNSIGNED NOT NULL,
  `name` varchar(255) CHARACTER SET utf8mb4 COLLATE utf8mb4_unicode_ci NOT NULL,
  `slug` varchar(255) CHARACTER SET utf8mb4 COLLATE utf8mb4_unicode_ci NOT NULL,
  `description` varchar(255) CHARACTER SET utf8mb4 COLLATE utf8mb4_unicode_ci DEFAULT NULL,
  `created_at` timestamp NULL DEFAULT NULL,
  `updated_at` timestamp NULL DEFAULT NULL
) ENGINE=InnoDB DEFAULT CHARSET=utf8mb4 COLLATE=utf8mb4_unicode_ci;

--
-- Dumping data for table `privileges`
--

INSERT INTO `privileges` (`id`, `name`, `slug`, `description`, `created_at`, `updated_at`) VALUES
(1, 'Generate Reports', 'report.generate', 'Allows generating system-wide reports.', '2026-04-03 10:36:59', '2026-04-03 10:36:59'),
(2, 'Manage Users', 'users.manage', 'Allows creating, editing, and deleting users.', '2026-04-03 10:36:59', '2026-04-03 10:36:59'),
(3, 'Manage Roles', 'roles.manage', 'Allows editing Tyro roles.', '2026-04-03 10:37:00', '2026-04-03 10:37:00'),
(4, 'View Billing', 'billing.view', 'Allows viewing billing statements.', '2026-04-03 10:37:00', '2026-04-03 10:37:00'),
(5, 'Wildcard', '*', 'Grants every privilege.', '2026-04-03 10:37:00', '2026-04-03 10:37:00');

-- --------------------------------------------------------

--
-- Table structure for table `privilege_role`
--

CREATE TABLE `privilege_role` (
  `id` bigint UNSIGNED NOT NULL,
  `role_id` bigint UNSIGNED NOT NULL,
  `privilege_id` bigint UNSIGNED NOT NULL,
  `created_at` timestamp NULL DEFAULT NULL,
  `updated_at` timestamp NULL DEFAULT NULL
) ENGINE=InnoDB DEFAULT CHARSET=utf8mb4 COLLATE=utf8mb4_unicode_ci;

--
-- Dumping data for table `privilege_role`
--

INSERT INTO `privilege_role` (`id`, `role_id`, `privilege_id`, `created_at`, `updated_at`) VALUES
(1, 1, 1, '2026-04-03 10:36:59', '2026-04-03 10:36:59'),
(2, 6, 1, '2026-04-03 10:36:59', '2026-04-03 10:36:59'),
(3, 1, 2, '2026-04-03 10:36:59', '2026-04-03 10:36:59'),
(4, 6, 2, '2026-04-03 10:37:00', '2026-04-03 10:37:00'),
(5, 6, 3, '2026-04-03 10:37:00', '2026-04-03 10:37:00'),
(6, 1, 4, '2026-04-03 10:37:00', '2026-04-03 10:37:00'),
(7, 2, 4, '2026-04-03 10:37:00', '2026-04-03 10:37:00'),
(8, 5, 5, '2026-04-03 10:37:00', '2026-04-03 10:37:00');

-- --------------------------------------------------------

--
-- Table structure for table `roles`
--

CREATE TABLE `roles` (
  `id` bigint UNSIGNED NOT NULL,
  `name` varchar(255) CHARACTER SET utf8mb4 COLLATE utf8mb4_unicode_ci NOT NULL,
  `slug` varchar(255) CHARACTER SET utf8mb4 COLLATE utf8mb4_unicode_ci NOT NULL,
  `created_at` timestamp NULL DEFAULT NULL,
  `updated_at` timestamp NULL DEFAULT NULL
) ENGINE=InnoDB DEFAULT CHARSET=utf8mb4 COLLATE=utf8mb4_unicode_ci;

--
-- Dumping data for table `roles`
--

INSERT INTO `roles` (`id`, `name`, `slug`, `created_at`, `updated_at`) VALUES
(1, 'Administrator', 'admin', '2026-04-03 10:36:58', '2026-04-03 10:36:58'),
(2, 'User', 'user', '2026-04-03 10:36:58', '2026-04-03 10:36:58'),
(3, 'Customer', 'customer', '2026-04-03 10:36:58', '2026-04-03 10:36:58'),
(4, 'Editor', 'editor', '2026-04-03 10:36:58', '2026-04-03 10:36:58'),
(5, 'All', '*', '2026-04-03 10:36:59', '2026-04-03 10:36:59'),
(6, 'Super Admin', 'super-admin', '2026-04-03 10:36:59', '2026-04-03 10:36:59');

-- --------------------------------------------------------

--
-- Table structure for table `sessions`
--

CREATE TABLE `sessions` (
  `id` varchar(255) CHARACTER SET utf8mb4 COLLATE utf8mb4_unicode_ci NOT NULL,
  `user_id` bigint UNSIGNED DEFAULT NULL,
  `ip_address` varchar(45) CHARACTER SET utf8mb4 COLLATE utf8mb4_unicode_ci DEFAULT NULL,
  `user_agent` text CHARACTER SET utf8mb4 COLLATE utf8mb4_unicode_ci,
  `payload` longtext CHARACTER SET utf8mb4 COLLATE utf8mb4_unicode_ci NOT NULL,
  `last_activity` int NOT NULL
) ENGINE=InnoDB DEFAULT CHARSET=utf8mb4 COLLATE=utf8mb4_unicode_ci;

--
-- Dumping data for table `sessions`
--

INSERT INTO `sessions` (`id`, `user_id`, `ip_address`, `user_agent`, `payload`, `last_activity`) VALUES
('K38GkZHi8Lw7dmY0ZnYKhjEXKfVAi475vC71vZuV', 1, '127.0.0.1', 'Mozilla/5.0 (Windows NT 10.0; Win64; x64) AppleWebKit/537.36 (KHTML, like Gecko) Chrome/146.0.0.0 Safari/537.36', 'YTo1OntzOjY6Il90b2tlbiI7czo0MDoiNm1DcGNxRndOR2JvM01IV1RTQXY5UlhNVlNpNGpYdDhWazFDZUF3ZCI7czo2OiJfZmxhc2giO2E6Mjp7czozOiJvbGQiO2E6MDp7fXM6MzoibmV3IjthOjA6e319czoxMDoidHlyby1sb2dpbiI7YToxOntzOjc6ImNhcHRjaGEiO2E6MTp7czo1OiJsb2dpbiI7aToxO319czo5OiJfcHJldmlvdXMiO2E6Mjp7czozOiJ1cmwiO3M6MzE6Imh0dHA6Ly8xMjcuMC4wLjE6ODAwMC9kb25hdGlvbnMiO3M6NToicm91dGUiO3M6MTU6ImRvbmF0aW9ucy5pbmRleCI7fXM6NTA6ImxvZ2luX3dlYl81OWJhMzZhZGRjMmIyZjk0MDE1ODBmMDE0YzdmNThlYTRlMzA5ODlkIjtpOjE7fQ==', 1775242905),
('PfoF0yvfsAiAFacwv81K7hHoZvBMNilTg8ww1eCM', NULL, '127.0.0.1', 'Mozilla/5.0 (Windows NT 10.0; Win64; x64) AppleWebKit/537.36 (KHTML, like Gecko) Chrome/146.0.0.0 Safari/537.36', 'YTo1OntzOjY6Il90b2tlbiI7czo0MDoiNU1PWUtPU1l5UTJNNzZWbDRpNm5rMWt3MXQyN1h5U0lQZDYwcVY3ZSI7czozOiJ1cmwiO2E6MTp7czo4OiJpbnRlbmRlZCI7czozMToiaHR0cDovLzEyNy4wLjAuMTo4MDAwL2RvbmF0aW9ucyI7fXM6OToiX3ByZXZpb3VzIjthOjI6e3M6MzoidXJsIjtzOjI3OiJodHRwOi8vMTI3LjAuMC4xOjgwMDAvbG9naW4iO3M6NToicm91dGUiO3M6MTY6InR5cm8tbG9naW4ubG9naW4iO31zOjY6Il9mbGFzaCI7YToyOntzOjM6Im9sZCI7YTowOnt9czozOiJuZXciO2E6MDp7fX1zOjEwOiJ0eXJvLWxvZ2luIjthOjE6e3M6NzoiY2FwdGNoYSI7YToxOntzOjU6ImxvZ2luIjtpOjk7fX19', 1775239198);

-- --------------------------------------------------------

--
-- Table structure for table `tyro_audit_logs`
--

CREATE TABLE `tyro_audit_logs` (
  `id` bigint UNSIGNED NOT NULL,
  `user_id` bigint UNSIGNED DEFAULT NULL,
  `event` varchar(255) CHARACTER SET utf8mb4 COLLATE utf8mb4_unicode_ci NOT NULL,
  `auditable_type` varchar(255) CHARACTER SET utf8mb4 COLLATE utf8mb4_unicode_ci DEFAULT NULL,
  `auditable_id` bigint UNSIGNED DEFAULT NULL,
  `old_values` json DEFAULT NULL,
  `new_values` json DEFAULT NULL,
  `metadata` json DEFAULT NULL,
  `created_at` timestamp NOT NULL DEFAULT CURRENT_TIMESTAMP
) ENGINE=InnoDB DEFAULT CHARSET=utf8mb4 COLLATE=utf8mb4_unicode_ci;

--
-- Dumping data for table `tyro_audit_logs`
--

INSERT INTO `tyro_audit_logs` (`id`, `user_id`, `event`, `auditable_type`, `auditable_id`, `old_values`, `new_values`, `metadata`, `created_at`) VALUES
(1, NULL, 'role.created', 'HasinHayder\\Tyro\\Models\\Role', 1, NULL, '{\"id\": 1, \"name\": \"Administrator\", \"slug\": \"admin\"}', '{\"ip\": \"127.0.0.1\", \"is_console\": true, \"user_agent\": \"Symfony\"}', '2026-04-03 16:36:58'),
(2, NULL, 'role.created', 'HasinHayder\\Tyro\\Models\\Role', 2, NULL, '{\"id\": 2, \"name\": \"User\", \"slug\": \"user\"}', '{\"ip\": \"127.0.0.1\", \"is_console\": true, \"user_agent\": \"Symfony\"}', '2026-04-03 16:36:58'),
(3, NULL, 'role.created', 'HasinHayder\\Tyro\\Models\\Role', 3, NULL, '{\"id\": 3, \"name\": \"Customer\", \"slug\": \"customer\"}', '{\"ip\": \"127.0.0.1\", \"is_console\": true, \"user_agent\": \"Symfony\"}', '2026-04-03 16:36:58'),
(4, NULL, 'role.created', 'HasinHayder\\Tyro\\Models\\Role', 4, NULL, '{\"id\": 4, \"name\": \"Editor\", \"slug\": \"editor\"}', '{\"ip\": \"127.0.0.1\", \"is_console\": true, \"user_agent\": \"Symfony\"}', '2026-04-03 16:36:58'),
(5, NULL, 'role.created', 'HasinHayder\\Tyro\\Models\\Role', 5, NULL, '{\"id\": 5, \"name\": \"All\", \"slug\": \"*\"}', '{\"ip\": \"127.0.0.1\", \"is_console\": true, \"user_agent\": \"Symfony\"}', '2026-04-03 16:36:59'),
(6, NULL, 'role.created', 'HasinHayder\\Tyro\\Models\\Role', 6, NULL, '{\"id\": 6, \"name\": \"Super Admin\", \"slug\": \"super-admin\"}', '{\"ip\": \"127.0.0.1\", \"is_console\": true, \"user_agent\": \"Symfony\"}', '2026-04-03 16:36:59'),
(7, NULL, 'system.seeded', NULL, NULL, NULL, '{\"type\": \"roles\"}', '{\"ip\": \"127.0.0.1\", \"is_console\": true, \"user_agent\": \"Symfony\"}', '2026-04-03 16:36:59'),
(8, NULL, 'privilege.created', 'HasinHayder\\Tyro\\Models\\Privilege', 1, NULL, '{\"id\": 1, \"name\": \"Generate Reports\", \"slug\": \"report.generate\", \"description\": \"Allows generating system-wide reports.\"}', '{\"ip\": \"127.0.0.1\", \"is_console\": true, \"user_agent\": \"Symfony\"}', '2026-04-03 16:36:59'),
(9, NULL, 'privilege.created', 'HasinHayder\\Tyro\\Models\\Privilege', 2, NULL, '{\"id\": 2, \"name\": \"Manage Users\", \"slug\": \"users.manage\", \"description\": \"Allows creating, editing, and deleting users.\"}', '{\"ip\": \"127.0.0.1\", \"is_console\": true, \"user_agent\": \"Symfony\"}', '2026-04-03 16:36:59'),
(10, NULL, 'privilege.created', 'HasinHayder\\Tyro\\Models\\Privilege', 3, NULL, '{\"id\": 3, \"name\": \"Manage Roles\", \"slug\": \"roles.manage\", \"description\": \"Allows editing Tyro roles.\"}', '{\"ip\": \"127.0.0.1\", \"is_console\": true, \"user_agent\": \"Symfony\"}', '2026-04-03 16:37:00'),
(11, NULL, 'privilege.created', 'HasinHayder\\Tyro\\Models\\Privilege', 4, NULL, '{\"id\": 4, \"name\": \"View Billing\", \"slug\": \"billing.view\", \"description\": \"Allows viewing billing statements.\"}', '{\"ip\": \"127.0.0.1\", \"is_console\": true, \"user_agent\": \"Symfony\"}', '2026-04-03 16:37:00'),
(12, NULL, 'privilege.created', 'HasinHayder\\Tyro\\Models\\Privilege', 5, NULL, '{\"id\": 5, \"name\": \"Wildcard\", \"slug\": \"*\", \"description\": \"Grants every privilege.\"}', '{\"ip\": \"127.0.0.1\", \"is_console\": true, \"user_agent\": \"Symfony\"}', '2026-04-03 16:37:00'),
(13, NULL, 'system.seeded', NULL, NULL, NULL, '{\"type\": \"privileges\"}', '{\"ip\": \"127.0.0.1\", \"is_console\": true, \"user_agent\": \"Symfony\"}', '2026-04-03 16:37:00'),
(14, NULL, 'system.installed', NULL, NULL, NULL, NULL, '{\"ip\": \"127.0.0.1\", \"is_console\": true, \"user_agent\": \"Symfony\"}', '2026-04-03 16:37:00'),
(15, 1, 'user.login', 'App\\Models\\User', 1, NULL, '{\"email\": \"admin@gmail.com\"}', '{\"ip\": \"127.0.0.1\", \"is_console\": false, \"user_agent\": \"Mozilla/5.0 (Windows NT 10.0; Win64; x64) AppleWebKit/537.36 (KHTML, like Gecko) Chrome/146.0.0.0 Safari/537.36\"}', '2026-04-03 17:59:39'),
(16, 1, 'user.logout', 'App\\Models\\User', 1, NULL, '{\"email\": \"admin@gmail.com\"}', '{\"ip\": \"127.0.0.1\", \"is_console\": false, \"user_agent\": \"Mozilla/5.0 (Windows NT 10.0; Win64; x64) AppleWebKit/537.36 (KHTML, like Gecko) Chrome/146.0.0.0 Safari/537.36\"}', '2026-04-03 18:06:54'),
(17, 1, 'user.login', 'App\\Models\\User', 1, NULL, '{\"email\": \"admin@gmail.com\"}', '{\"ip\": \"127.0.0.1\", \"is_console\": false, \"user_agent\": \"Mozilla/5.0 (Windows NT 10.0; Win64; x64) AppleWebKit/537.36 (KHTML, like Gecko) Chrome/146.0.0.0 Safari/537.36\"}', '2026-04-03 18:07:36'),
(18, 1, 'user.logout', 'App\\Models\\User', 1, NULL, '{\"email\": \"admin@gmail.com\"}', '{\"ip\": \"127.0.0.1\", \"is_console\": false, \"user_agent\": \"Mozilla/5.0 (Windows NT 10.0; Win64; x64) AppleWebKit/537.36 (KHTML, like Gecko) Chrome/146.0.0.0 Safari/537.36\"}', '2026-04-03 18:15:15'),
(19, 1, 'user.login', 'App\\Models\\User', 1, NULL, '{\"email\": \"admin@gmail.com\"}', '{\"ip\": \"127.0.0.1\", \"is_console\": false, \"user_agent\": \"Mozilla/5.0 (Windows NT 10.0; Win64; x64) AppleWebKit/537.36 (KHTML, like Gecko) Chrome/146.0.0.0 Safari/537.36\"}', '2026-04-03 18:15:26'),
(20, 1, 'user.logout', 'App\\Models\\User', 1, NULL, '{\"email\": \"admin@gmail.com\"}', '{\"ip\": \"127.0.0.1\", \"is_console\": false, \"user_agent\": \"Mozilla/5.0 (Windows NT 10.0; Win64; x64) AppleWebKit/537.36 (KHTML, like Gecko) Chrome/146.0.0.0 Safari/537.36\"}', '2026-04-03 18:27:40'),
(21, 1, 'user.login', 'App\\Models\\User', 1, NULL, '{\"email\": \"admin@gmail.com\"}', '{\"ip\": \"127.0.0.1\", \"is_console\": false, \"user_agent\": \"Mozilla/5.0 (Windows NT 10.0; Win64; x64) AppleWebKit/537.36 (KHTML, like Gecko) Chrome/146.0.0.0 Safari/537.36\"}', '2026-04-03 18:27:57'),
(22, 1, 'user.logout', 'App\\Models\\User', 1, NULL, '{\"email\": \"admin@gmail.com\"}', '{\"ip\": \"127.0.0.1\", \"is_console\": false, \"user_agent\": \"Mozilla/5.0 (Windows NT 10.0; Win64; x64) AppleWebKit/537.36 (KHTML, like Gecko) Chrome/146.0.0.0 Safari/537.36\"}', '2026-04-03 18:53:03'),
(23, 1, 'user.login', 'App\\Models\\User', 1, NULL, '{\"email\": \"admin@gmail.com\"}', '{\"ip\": \"127.0.0.1\", \"is_console\": false, \"user_agent\": \"Mozilla/5.0 (Windows NT 10.0; Win64; x64) AppleWebKit/537.36 (KHTML, like Gecko) Chrome/146.0.0.0 Safari/537.36\"}', '2026-04-03 19:01:17');

-- --------------------------------------------------------

--
-- Table structure for table `user_roles`
--

CREATE TABLE `user_roles` (
  `id` bigint UNSIGNED NOT NULL,
  `user_id` bigint UNSIGNED NOT NULL,
  `role_id` bigint UNSIGNED NOT NULL,
  `created_at` timestamp NULL DEFAULT NULL,
  `updated_at` timestamp NULL DEFAULT NULL
) ENGINE=InnoDB DEFAULT CHARSET=utf8mb4 COLLATE=utf8mb4_unicode_ci;

--
-- Dumping data for table `user_roles`
--

INSERT INTO `user_roles` (`id`, `user_id`, `role_id`, `created_at`, `updated_at`) VALUES
(1, 1, 1, '2026-04-03 10:38:24', '2026-04-03 10:38:24');

--
-- Indexes for table `donations`
--
ALTER TABLE `donations`
  ADD PRIMARY KEY (`id`),
  ADD KEY `donations_created_by_foreign` (`created_by`),
  ADD KEY `donations_donor_id_donation_date_index` (`donor_id`,`donation_date`),
  ADD KEY `donations_donation_date_index` (`donation_date`);

--
-- Indexes for table `donors`
--
ALTER TABLE `donors`
  ADD PRIMARY KEY (`id`),
  ADD UNIQUE KEY `donors_phone_unique` (`phone`),
  ADD KEY `donors_created_by_foreign` (`created_by`),
  ADD KEY `donors_name_index` (`name`),
  ADD KEY `donors_gender_index` (`gender`),
  ADD KEY `donors_blood_group_index` (`blood_group`);

--
-- Indexes for table `failed_jobs`
--
ALTER TABLE `failed_jobs`
  ADD PRIMARY KEY (`id`),
  ADD UNIQUE KEY `failed_jobs_uuid_unique` (`uuid`);

--
-- Indexes for table `invitation_referrals`
--
ALTER TABLE `invitation_referrals`
  ADD PRIMARY KEY (`id`),
  ADD KEY `invitation_referrals_invitation_link_id_index` (`invitation_link_id`),
  ADD KEY `invitation_referrals_referred_user_id_index` (`referred_user_id`);

--
-- Indexes for table `jobs`
--
ALTER TABLE `jobs`
  ADD PRIMARY KEY (`id`),
  ADD KEY `jobs_queue_index` (`queue`);

--
-- Indexes for table `job_batches`
--
ALTER TABLE `job_batches`
  ADD PRIMARY KEY (`id`);

--
-- Indexes for table `migrations`
--
ALTER TABLE `migrations`
  ADD PRIMARY KEY (`id`);

--
-- Indexes for table `privileges`
--
ALTER TABLE `privileges`
  ADD PRIMARY KEY (`id`),
  ADD UNIQUE KEY `privileges_slug_unique` (`slug`);

--
-- Indexes for table `privilege_role`
--
ALTER TABLE `privilege_role`
  ADD PRIMARY KEY (`id`),
  ADD UNIQUE KEY `privilege_role_role_id_privilege_id_unique` (`role_id`,`privilege_id`),
  ADD KEY `privilege_role_privilege_id_foreign` (`privilege_id`);

--
-- Indexes for table `roles`
--
ALTER TABLE `roles`
  ADD PRIMARY KEY (`id`),
  ADD KEY `roles_slug_index` (`slug`);

--
-- Indexes for table `sessions`
--
ALTER TABLE `sessions`
  ADD PRIMARY KEY (`id`),
  ADD KEY `sessions_user_id_index` (`user_id`),
  ADD KEY `sessions_last_activity_index` (`last_activity`);

--
-- Indexes for table `tyro_audit_logs`
--
ALTER TABLE `tyro_audit_logs`
  ADD PRIMARY KEY (`id`),
  ADD KEY `tyro_audit_logs_auditable_type_auditable_id_index` (`auditable_type`,`auditable_id`),
  ADD KEY `tyro_audit_logs_user_id_index` (`user_id`),
  ADD KEY `tyro_audit_logs_event_index` (`event`);

--
-- Indexes for table `user_roles`
--
ALTER TABLE `user_roles`
  ADD PRIMARY KEY (`id`),
  ADD UNIQUE KEY `user_roles_user_id_role_id_unique` (`user_id`,`role_id`),
  ADD KEY `user_roles_role_id_foreign` (`role_id`);

--
-- AUTO_INCREMENT for dumped tables
--

--
-- AUTO_INCREMENT for table `donations`
--
ALTER TABLE `donations`
  MODIFY `id` bigint UNSIGNED NOT NULL AUTO_INCREMENT, AUTO_INCREMENT=2;

--
-- AUTO_INCREMENT for table `donors`
--
ALTER TABLE `donors`
  MODIFY `id` bigint UNSIGNED NOT NULL AUTO_INCREMENT, AUTO_INCREMENT=3;

--
-- AUTO_INCREMENT for table `failed_jobs`
--
ALTER TABLE `failed_jobs`
  MODIFY `id` bigint UNSIGNED NOT NULL AUTO_INCREMENT;

--
-- AUTO_INCREMENT for table `invitation_referrals`
--
ALTER TABLE `invitation_referrals`
  MODIFY `id` bigint UNSIGNED NOT NULL AUTO_INCREMENT;

--
-- AUTO_INCREMENT for table `jobs`
--
ALTER TABLE `jobs`
  MODIFY `id` bigint UNSIGNED NOT NULL AUTO_INCREMENT;

--
-- AUTO_INCREMENT for table `migrations`
--
ALTER TABLE `migrations`
  MODIFY `id` int UNSIGNED NOT NULL AUTO_INCREMENT, AUTO_INCREMENT=18;

--
-- AUTO_INCREMENT for table `privileges`
--
ALTER TABLE `privileges`
  MODIFY `id` bigint UNSIGNED NOT NULL AUTO_INCREMENT, AUTO_INCREMENT=6;

--
-- AUTO_INCREMENT for table `privilege_role`
--
ALTER TABLE `privilege_role`
  MODIFY `id` bigint UNSIGNED NOT NULL AUTO_INCREMENT, AUTO_INCREMENT=9;

--
-- AUTO_INCREMENT for table `roles`
--
ALTER TABLE `roles`
  MODIFY `id` bigint UNSIGNED NOT NULL AUTO_INCREMENT, AUTO_INCREMENT=7;

--
-- AUTO_INCREMENT for table `tyro_audit_logs`
--
ALTER TABLE `tyro_audit_logs`
  MODIFY `id` bigint UNSIGNED NOT NULL AUTO_INCREMENT, AUTO_INCREMENT=24;

--
-- AUTO_INCREMENT for table `user_roles`
--
ALTER TABLE `user_roles`
  MODIFY `id` bigint UNSIGNED NOT NULL AUTO_INCREMENT, AUTO_INCREMENT=2;

--
-- Constraints for dumped tables
--

--
-- Constraints for table `donations`
--
ALTER TABLE `donations`
  ADD CONSTRAINT `donations_created_by_foreign` FOREIGN KEY (`created_by`) REFERENCES `users` (`id`) ON DELETE SET NULL,
  ADD CONSTRAINT `donations_donor_id_foreign` FOREIGN KEY (`donor_id`) REFERENCES `donors` (`id`) ON DELETE CASCADE;

--
-- Constraints for table `donors`
--
ALTER TABLE `donors`
  ADD CONSTRAINT `donors_created_by_foreign` FOREIGN KEY (`created_by`) REFERENCES `users` (`id`) ON DELETE SET NULL;

--
-- Constraints for table `invitation_referrals`
--
ALTER TABLE `invitation_referrals`
  ADD CONSTRAINT `invitation_referrals_invitation_link_id_foreign` FOREIGN KEY (`invitation_link_id`) REFERENCES `invitation_links` (`id`) ON DELETE CASCADE;

--
-- Constraints for table `privilege_role`
--
ALTER TABLE `privilege_role`
  ADD CONSTRAINT `privilege_role_privilege_id_foreign` FOREIGN KEY (`privilege_id`) REFERENCES `privileges` (`id`) ON DELETE CASCADE,
  ADD CONSTRAINT `privilege_role_role_id_foreign` FOREIGN KEY (`role_id`) REFERENCES `roles` (`id`) ON DELETE CASCADE;

--
-- Constraints for table `user_roles`
--
ALTER TABLE `user_roles`
  ADD CONSTRAINT `user_roles_role_id_foreign` FOREIGN KEY (`role_id`) REFERENCES `roles` (`id`) ON DELETE CASCADE,
  ADD CONSTRAINT `user_roles_user_id_foreign` FOREIGN KEY (`user_id`) REFERENCES `users` (`id`) ON DELETE CASCADE;
COMMIT;

